{"id":26,"date":"2023-09-16T12:11:08","date_gmt":"2020-10-16T09:11:08","guid":{"rendered":"http:\/\/demo.safirtema.com\/anka\/?page_id=26"},"modified":"2025-09-20T23:55:45","modified_gmt":"2025-09-20T20:55:45","slug":"kunye","status":"publish","type":"page","link":"https:\/\/www.trabzonmanset.com\/index.php\/kunye\/","title":{"rendered":"K\u00fcnye"},"content":{"rendered":"\n<p class=\"has-text-align-center\"><strong>Y\u00f6netim Yeri Adresi:<\/strong><br>TRABZON MEDYA GRUP<br>Ortahisar \/ TRABZON<\/p>\n\n\n\n<p class=\"has-text-align-center\">GSM<strong> No:<\/strong><br>0530 132 74 77<\/p>\n\n\n\n<p class=\"has-text-align-center\"><strong>Sorumlu M\u00fcd\u00fcr:<\/strong><br>Abdulkadir \u00c7EPN\u0130<\/p>\n\n\n\n<p class=\"has-text-align-center\"><strong>E-posta:<\/strong><br><a href=\"mailto:info@trabzonmanset.com\">info@trabzonmanset.com<\/a><\/p>\n\n\n\n<p class=\"has-text-align-center\"><strong>Servis sa\u011flay\u0131c\u0131:<\/strong><br>TRABZON MEDYA GRUP<br>Telefon: 0530 132 74 77<br><strong>Internet Reklamlar\u0131 Hakk\u0131nda Bilgi:<br><\/strong><a href=\"https:\/\/www.trabzonmanset.com\">https:\/\/www.trabzonmanset.com<\/a><\/p>\n\n\n\n<p class=\"has-text-align-center\"><strong>Trabzon Man\u015fet Reklamlar\u0131 Hakk\u0131nda Bilgi:<\/strong><br>Tel: 0530 132 74 77<\/p>\n\n\n\n<p class=\"has-text-align-center\"><\/p>\n\n\n\n<p><\/p>\n","protected":false},"excerpt":{"rendered":"<p>Y\u00f6netim Yeri Adresi:TRABZON MEDYA GRUPOrtahisar \/ TRABZON GSM No:0530 132 74 77 Sorumlu M\u00fcd\u00fcr:Abdulkadir \u00c7EPN\u0130 E-posta:info@trabzonmanset.com Servis sa\u011flay\u0131c\u0131:TRABZON MEDYA GRUPTelefon: 0530 132 74 77Internet Reklamlar\u0131 Hakk\u0131nda Bilgi:https:\/\/www.trabzonmanset.com Trabzon Man\u015fet Reklamlar\u0131 Hakk\u0131nda Bilgi:Tel: 0530 132 74 77<\/p>\n","protected":false},"author":1,"featured_media":0,"parent":0,"menu_order":0,"comment_status":"closed","ping_status":"closed","template":"pages\/page-full.php","meta":{"footnotes":""},"class_list":["post-26","page","type-page","status-publish","hentry"],"_links":{"self":[{"href":"https:\/\/www.trabzonmanset.com\/index.php\/wp-json\/wp\/v2\/pages\/26","targetHints":{"allow":["GET"]}}],"collection":[{"href":"https:\/\/www.trabzonmanset.com\/index.php\/wp-json\/wp\/v2\/pages"}],"about":[{"href":"https:\/\/www.trabzonmanset.com\/index.php\/wp-json\/wp\/v2\/types\/page"}],"author":[{"embeddable":true,"href":"https:\/\/www.trabzonmanset.com\/index.php\/wp-json\/wp\/v2\/users\/1"}],"replies":[{"embeddable":true,"href":"https:\/\/www.trabzonmanset.com\/index.php\/wp-json\/wp\/v2\/comments?post=26"}],"version-history":[{"count":4,"href":"https:\/\/www.trabzonmanset.com\/index.php\/wp-json\/wp\/v2\/pages\/26\/revisions"}],"predecessor-version":[{"id":4015,"href":"https:\/\/www.trabzonmanset.com\/index.php\/wp-json\/wp\/v2\/pages\/26\/revisions\/4015"}],"wp:attachment":[{"href":"https:\/\/www.trabzonmanset.com\/index.php\/wp-json\/wp\/v2\/media?parent=26"}],"curies":[{"name":"wp","href":"https:\/\/api.w.org\/{rel}","templated":true}]}}